ctor of 710 and 470?
10
Calculate the greatest common divisor of 1792 and 36512.
224
What is the greatest common divisor of 280 and 24430?
70
Calculate the highest common divisor of 296 and 212898.
74
What is the highest common factor of 90148 and 28396?
124
What is the highest common factor of 1068045 and 660?
165
Calculate the highest common factor of 152 and 72124.
76
What is the highest common factor of 135 and 38295?
45
What is the highest common divisor of 11745 and 233685?
405
Calculate the greatest common divisor of 45756 and 12874.
82
Calculate the highest common factor of 1727 and 88.
11
What is the highest common divisor of 154 and 49313?
11
Calculate the highest common factor of 805 and 5495.
35
What is the greatest common factor of 749 and 950588?
107
What is the highest common divisor of 447000 and 125?
125
Calculate the highest common factor of 384 and 6180.
12
What is the highest common divisor of 6575880 and 60?
60
Calculate the highest common factor of 56143 and 299.
23
What is the highest common divisor of 2203 and 107?
1
What is the highest common divisor of 1257450 and 1616?
202
Calculate the greatest common factor of 1904 and 1802.
34
Calculate the highest common divisor of 33867 and 213.
213
What is the greatest common factor of 2684 and 286?
22
Calculate the greatest common factor of 450 and 15450.
150
What is the highest common divisor of 78 and 56862?
78
Calculate the highest common divisor of 86866 and 676.
338
Calculate the greatest common factor of 45 and 227390.
5
Calculate the greatest common factor of 56 and 3437406.
14
Calculate the highest common divisor of 3901 and 1328.
83
What is the greatest common factor of 33585 and 545?
5
Calculate the highest common divisor of 13540 and 8.
4
Calculate the highest common factor of 4975 and 50.
25
What is the highest common divisor of 551542 and 194?
194
Calculate the greatest common divisor of 1510035 and 45.
15
Calculate the greatest common divisor of 89060 and 610.
610
Calculate the highest common factor of 288 and 116160.
96
What is the greatest common factor of 228 and 9726?
6
Calculate the greatest common divisor of 4770 and 56880.
90
What is the highest common factor of 72720 and 15840?
720
Calculate the greatest common factor of 2170 and 610.
10
What is the highest common factor of 2522929 and 131?
131
Calculate the greatest common divisor of 247293 and 258.
129
What is the highest common divisor of 356072 and 4888?
376
What is the greatest common divisor of 245 and 309239?
49
What is the highest common factor of 22 and 8014?
2
What is the greatest common divisor of 47 and 5194?
1
Calculate the greatest common divisor of 1252416 and 256.
64
Calculate the highest common factor of 185619 and 42.
21
What is the highest common factor of 156303 and 756?
189
What is the highest common divisor of 100 and 5714950?
50
Calculate the highest common divisor of 814 and 1547007.
407
What is the greatest common divisor of 436 and 339862?
218
Calculate the greatest common factor of 1276 and 16008.
116
Calculate the greatest common divisor of 267 and 13350.
267
What is the highest common factor of 585 and 51210?
45
What is the highest common factor of 1329876 and 492?
492
Calculate the greatest common divisor of 92656 and 32.
16
Calculate the greatest common divisor of 7631 and 1755.
13
Calculate the highest common factor of 391978 and 74.
74
What is the highest common divisor of 68912 and 74576?
944
What is the highest common divisor of 5 and 681235?
5
What is the highest common factor of 116718 and 294?
294
What is the highest common divisor of 4753 and 5723?
97
Calculate the greatest common factor of 27436 and 608.
76
What is the greatest common divisor of 50443 and 5402?
73
Calculate the greatest common factor of 160 and 34520.
40
What is the greatest common factor of 43733 and 3031?
433
What is the greatest common factor of 2875 and 153525?
575
Calculate the greatest common factor of 76 and 813694.
38
Calculate the highest common factor of 189 and 326619.
27
What is the greatest common divisor of 3040 and 265620?
380
What is the highest common factor of 3537 and 459?
27
What is the highest common factor of 44 and 13388?
4
What is the highest common factor of 1 and 242453?
1
Calculate the highest common factor of 75480 and 36.
12
Calculate the highest common divisor of 1750 and 2331000.
1750
What is the greatest common factor of 12 and 574284?
12
Calculate the highest common divisor of 28 and 243838.
14
What is the greatest common factor of 711 and 9684?
9
What is the greatest common factor of 46 and 58174?
2
Calculate the highest common divisor of 24 and 5912.
8
What is the highest common factor of 8736 and 120224?
416
What is the highest common divisor of 1380 and 1130680?
460
Calculate the highest common factor of 1789035 and 246.
123
Calculate the highest common factor of 20 and 388540.
20
Calculate the greatest common factor of 103029 and 4504.
563
Calculate the highest common factor of 1729 and 260832.
247
What is the greatest common factor of 29835 and 65?
65
Calculate the greatest common factor of 6077 and 1751.
103
Calculate the highest common factor of 296160 and 15.
15
What is the highest common factor of 297 and 107173?
11
What is the highest common divisor of 8 and 304816?
8
What is the greatest common factor of 557498 and 68?
34
What is the greatest common factor of 3317 and 930?
31
Calculate the greatest common divisor of 502350 and 300.
150
Calculate the greatest common divisor of 12717 and 2355.
471
What is the greatest common factor of 296 and 608?
8
Calculate the highest common factor of 28026 and 1782.
162
Calculate the highest common divisor of 459700 and 28.
4
What is the greatest common divisor of 6 and 83314?
2
Calculate the greatest common factor of 612 and 4369.
17
Calculate the highest common divisor of 38 and 250306.
38
Calculate the greatest common factor of 174800 and 1026.
38
Calculate the greatest common divisor of 216 and 4904.
8
Calculate the highest common factor of 26019 and 72216.
531
Calculate the highest common divisor of 2232 and 15066.
558
Calculate the greatest common factor of 191 and 216212.
191
Calculate the greatest common factor of 100 and 128290.
10
What is the highest common factor of 13 and 91793?
13
What is the greatest common divisor of 276 and 522?
6
What is the highest common divisor of 1876 and 4288?
268
Calculate the greatest common factor of 238 and 29206.
34
Calculate the highest common divisor of 1638 and 606060.
1638
What is the highest common factor of 10540 and 320?
20
What is the highest common divisor of 3084 and 1?
1
What is the greatest common divisor of 741 and 10887?
57
What is the highest common divisor of 89795 and 85?
5
What is the greatest common divisor of 210 and 3945795?
105
What is the highest common factor of 4656 and 1780144?
1552
What is the greatest common divisor of 844437 and 33?
33
What is the greatest common factor of 2745 and 9765?
45
What is the highest common divisor of 437394 and 20982?
1614
Calculate the highest common factor of 15 and 833205.
15
Calculate the greatest common divisor of 53 and 94181.
53
Calculate the greatest common divisor of 197983 and 29.
29
Calculate the highest common divisor of 31724 and 1596.
28
Calculate the highest common divisor of 207 and 596712.
69
Calculate the highest common divisor of 1334 and 46.
46
What is the greatest common divisor of 446 and 534754?
446
Calculate the highest common factor of 150851 and 251.
251
What is the highest common divisor of 239346 and 6?
6
What is the highest common factor of 419314 and 427?
427
What is the greatest common factor of 6942 and 156?
78
What is the greatest common factor of 162228 and 2640?
132
What is the greatest common factor of 1012 and 802838?
46
Calculate the greatest common factor of 2064 and 1464.
24
Calculate the greatest common divisor of 171497 and 2219.
317
What is the highest common factor of 258689 and 17?
17
Calculate the highest common factor of 15 and 366672.
3
What is the highest common factor of 685 and 305?
5
Calculate the greatest common divisor of 269874 and 10.
2
What is the highest common factor of 4112 and 704?
16
What is the greatest common divisor of 1666 and 791?
7
Calculate the gre